{"id":816,"date":"2025-02-11T13:39:04","date_gmt":"2025-02-11T12:39:04","guid":{"rendered":"https:\/\/blog.sagradafamilia.org\/?page_id=816"},"modified":"2025-03-07T08:57:32","modified_gmt":"2025-03-07T07:57:32","slug":"canal-obert","status":"publish","type":"page","link":"https:\/\/blog.sagradafamilia.org\/en\/canal-obert\/","title":{"rendered":"Open Channel"},"content":{"rendered":"","protected":false},"excerpt":{"rendered":"<p>La hist\u00f2ria de la Sagrada Fam\u00edlia no s\u2019entendria sense les viv\u00e8ncies de totes les persones que han presenciat les seves fites, actes i celebracions. Si tens una hist\u00f2ria interessant relacionada amb la Bas\u00edlica i la vols compartir amb nosaltres, emplena el formulari i ens posarem en contacte amb tu (en tot moment els continguts estaran moderats i supervisats pels treballadors de la Fundaci\u00f3 de la Sagrada Fam\u00edlia, que es reserven el dret a utilitzar-los). <\/p>","protected":false},"author":6,"featured_media":0,"parent":0,"menu_order":0,"comment_status":"closed","ping_status":"closed","template":"","meta":{"footnotes":""},"class_list":["post-816","page","type-page","status-publish","hentry"],"_links":{"self":[{"href":"https:\/\/blog.sagradafamilia.org\/en\/wp-json\/wp\/v2\/pages\/816","targetHints":{"allow":["GET"]}}],"collection":[{"href":"https:\/\/blog.sagradafamilia.org\/en\/wp-json\/wp\/v2\/pages"}],"about":[{"href":"https:\/\/blog.sagradafamilia.org\/en\/wp-json\/wp\/v2\/types\/page"}],"author":[{"embeddable":true,"href":"https:\/\/blog.sagradafamilia.org\/en\/wp-json\/wp\/v2\/users\/6"}],"replies":[{"embeddable":true,"href":"https:\/\/blog.sagradafamilia.org\/en\/wp-json\/wp\/v2\/comments?post=816"}],"version-history":[{"count":0,"href":"https:\/\/blog.sagradafamilia.org\/en\/wp-json\/wp\/v2\/pages\/816\/revisions"}],"wp:attachment":[{"href":"https:\/\/blog.sagradafamilia.org\/en\/wp-json\/wp\/v2\/media?parent=816"}],"curies":[{"name":"wp","href":"https:\/\/api.w.org\/{rel}","templated":true}]}}

<p>La història de la Sagrada Família no s’entendria sense les vivències de totes les persones que han presenciat les seves fites, actes i celebracions. Si tens una història interessant relacionada amb la Basílica i la vols compartir amb nosaltres, emplena el formulari i ens posarem en contacte amb tu (en tot moment els continguts estaran moderats i supervisats pels treballadors de la Fundació de la Sagrada Família, que es reserven el dret a utilitzar-los). </p>
